0110?
10100000000000
In base 8, what is 2742610 - -11?
2742621
In base 14, what is -a3c - 1d08?
-2946
In base 10, what is -12649647 + -2?
-12649649
In base 7, what is 6222 + -634?
5255
In base 3, what is 1212100 + -22212210?
-21000110
In base 16, what is ad13ec - 1?
ad13eb
In base 13, what is -b05835 - a0?
-b05905
In base 13, what is -41 - -124a4?
12463
In base 2, what is -1111010011110 - -110000000?
-1110100011110
In base 11, what is -103 + -1607?
-170a
In base 11, what is -a785 - 16562?
-26237
In base 8, what is 2056307 - -2?
2056311
In base 4, what is 1000 + 1003022121?
1003023121
In base 13, what is 21a93 - -7b1?
22574
In base 5, what is 224420214 - 123?
224420041
In base 12, what is 3107 + -1345?
1982
In base 15, what is 3028 + 29?
3052
In base 5, what is -200010 + -11214033?
-11414043
In base 16, what is 8 - -1cbeb7?
1cbebf
In base 7, what is 12544 + 263026?
305603
In base 7, what is 24 - -4525305?
4525332
In base 12, what is 3b2a4 + 414?
3b6b8
In base 7, what is -136146330 - -4?
-136146323
In base 15, what is 90153b7 + 3?
90153ba
In base 14, what is -1005bd - 2a?
-100609
In base 10, what is -70377967 - -10?
-70377957
In base 13, what is c7 + 109c1?
10ab8
In base 11, what is 0 - -9394155?
9394155
In base 16, what is -9b84 - 2c?
-9bb0
In base 9, what is 34 + 833185?
833230
In base 8, what is 516026 + 25?
516053
In base 7, what is 13040423 - -1226?
13041652
In base 3, what is -1201200 - 10211001021?
-10212202221
In base 3, what is -12 + 21201221121101211?
21201221121101122
In base 10, what is 21355165 + -1?
21355164
In base 3, what is 1020101 + -20121000?
-12100122
In base 12, what is -6309 - 114a?
-7457
In base 11, what is -254475 + 7?
-254469
In base 6, what is 4 + 2051521255?
2051521303
In base 13, what is 9 - 14b275?
-14b269
In base 8, what is 10 + 45051237?
45051247
In base 8, what is 162674 + 32163?
215057
In base 12, what is 73a4b4 + -6?
73a4aa
In base 7, what is -4322116 - -2244?
-4316542
In base 11, what is -1 - -7230420?
723041a
In base 13, what is c19 + -41?
ba8
In base 2, what is -10000010000011010 + 1001110110?
-10000000110100100
In base 11, what is -3278 + -59?
-3326
In base 8, what is -3 - 424567266?
-424567271
In base 8, what is 15553314 + 2?
15553316
In base 4, what is -10330200 - -12302?
-10311232
In base 8, what is -232 - 54742?
-55174
In base 7, what is -2 - 10326266?
-10326301
In base 10, what is -47177 + 1384?
-45793
In base 9, what is 3 + -76523532?
-76523528
In base 5, what is 332321444 - 4?
332321440
In base 16, what is 356 - -2dd32?
2e088
In base 4, what is -2 - -1232200021?
1232200013
In base 14, what is 1 + 182a07c0?
182a07c1
In base 13, what is 3 + 44510b5?
44510b8
In base 6, what is 23204430 + 50?
23204520
In base 16, what is -ee1c - 20d6?
-10ef2
In base 4, what is 221003133 + 11121?
221020320
In base 3, what is 2 - 100100211200021?
-100100211200012
In base 6, what is -2544 - -245302?
242314
In base 5, what is -2304 + -304134322?
-304142131
In base 11, what is 102126 + -3a?
102097
In base 7, what is 3005202 - -163?
3005365
In base 7, what is -315 + 2522055?
2521440
In base 5, what is -1321124 + -4310?
-1330434
In base 3, what is 10 - -11022211212212220?
11022211212220000
In base 11, what is -3686693 - -4?
-368668a
In base 12, what is 2 + -30ba6b?
-30ba69
In base 3, what is -102011002 + 1100?
-102002202
In base 10, what is 50773180 - -1?
50773181
In base 16, what is d + -433d7a?
-433d6d
In base 3, what is 1200222111101221 - 0?
1200222111101221
In base 14, what is b9d3c4 - 1a?
b9d3a8
In base 14, what is -b79c + 1634?
-a168
In base 10, what is -473 + 78658?
78185
In base 15, what is -1e603 - -2?
-1e601
In base 3, what is -2011121 - -1110202?
-200212
In base 12, what is 434 + -22a709?
-22a295
In base 4, what is 2 + -31113121103?
-31113121101
In base 4, what is 102100223 + -112203?
101322020
In base 12, what is 1006 + -7a08?
-6a02
In base 3, what is 1200200220201 - 2210?
1200200210221
In base 13, what is -53539 + -683?
-53bbc
In base 16, what is -307 + 1d04?
19fd
In base 4, what is 301111310 + -112?
301111132
In base 15, what is 127e02 + -2c?
127dc5
In base 5, what is 312330110123 - -2?
312330110130
In base 9, what is -16182717 - 0?
-16182717
In base 9, what is -17655382 - -3?
-17655378
In base 10, what is -662383 + -26?
-662409
In base 11, what is 86 + 496509?
496594
In base 5, what is 101103021123 - -10?
101103021133
In base 12, what is -8633961 - -5?
-8633958
In base 3, what is -2221210001120002 - -20?
-2221210001112212
In base 11, what is a - -282966?
282975
In base 10, what is 1040 - 11728?
-10688
In base 6, what is -3 - 11301310444?
-11301310451
In base 6, what is -1243554 - 344?
-1244342
In base 8, what is 40417 - 457?
37740
In base 6, what is 24525 + -334525?
-310000
In base 5, what is -10 - 301312120?
-301312130
In base 9, what is -150 - 222684?
-222844
In base 9, what is -6058 + -64557?
-71626
In base 16, what is -3002374d + -3?
-30023750
In base 3, what is 10 + -110101202120000021?
-110101202120000011
In base 16, what is 125 - 3b43?
-3a1e
In base 9, what is 11 + 55155058?
55155070
In base 15, what is 187a330 - -2e?
187a35e
In base 8, what is 31261503 + 4?
31261507
In base 3, what is -1000021201210 + -100?
-1000021202010
In base 2, what is -110101100101100011000100 - -100110?
-110101100101100010011110
In base 16, what is c - 10206e6?
-10206da
In base 8, what is -145740 - 1472?
-147432
In base 4, what is -3131 - 113213?
-123010
In base 4, what is 10232200010 + 101?
10232200111
In base 8, what is 5 + -1040252720?
-1040252713
In base 16, what is -17ac555c - 5?
-17ac5561
In base 13, what is 504 + -2b273?
-2aa6c
In base 5, what is 2341 + -33121432?
-33114041
In base 7, what is 3256135 + -4613?
3251222
In base 4, what is 131101 - -11113201?
11310302
In base 8, what is -466031 - 21?
-466052
In base 16, what is 1053519 + 3?
105351c
In base 13, what is -23b - 3b4?
-622
In base 10, what is -11 - 32602037?
-32602048
In base 6, what is -2 + 2051042133?
2051042131
In base 15, what is -766 + -4298?
-4a0e
In base 13, what is -97c - 8b79?
-9828
In base 13, what is -a870 + 428?
-a445
In base 13, what is -218a + -2610?
-479a
In base 14, what is -30 + -21b2ca?
-21b31a
In base 11, what is -1a386 + 11a8?
-19189
In base 7, what is -1 - -14621635?
14621634
In base 15, what is -9006bd - -8?
-9006b5
In base 12, what is ab2a348 + 1?
ab2a349
In base 15, what is 23249aee + 4?
23249b03
In base 4, what is 3303 - -11331031213?
11331101122
In base 15, what is -1 + -54bb5c?
-54bb5d
In base 7, what is 36 - -6050340?
6050406
In base 8, what is 0 - -14553316?
14553316
In base 9, what is -5 + -37371235?
-37371241
In base 13, what is -4b1 - 1187a?
-1205b
In base 16, what is -47cf33c + -1?
-47cf33d
In base 5, what is 11244314203 - -122?
11244314330
In base 7, what is 51 + 1060506?
1060560
In base 7, what is 12162024 + 106?
12162133
In base 6, what is -1105341545 - 10?
-1105341555
In base 2, what is 11001011000100000000010 - -100001?
11001011000100000100011
In base 14, what is -ca4 - 14159?
-1501d
In base 3, what is 221220222 - 2100021?
212120201
In base 9, what is 36600 - 11174?
25415
In base 9, what is -3 - 6773546?
-6773550
In base 2, what is 10001100000 + 1001101110100?
1011111010100
In base 9, what is -3 - 4474664?
-4474667
In base 12, what is -2 - 13b2598?
-13b259a
In base 16, what is 40 + 3aa7d?
3aabd
In base 7, what is -500453055 - -22?
-500453033
In base 16, what is abd1d - -c6?
abde3
In base 13, what is c4a - -21b?
1168
In base 11, what is -107a1 + -61?
-10852
In base 9, what is -115 - -146635?
146520
In base 14, what is -2b3b5 - -2a?
-2b389
In base 7, what is 0 + -2620231555?
-2620231555
In base 16, what is -f2d4 - -b09?
-e7cb
In base 2, what is -1000001001101010 - 101?
-1000001001101111
In base 12, what is -8 - 1050705?
-1050711
In base 10, what is -234048340 - -7?
-234048333
In base 6, what is 34440 + -4324?
30112
In base 5, what is -1 - -23120004343?
23120004342
In base 3, what is -1212000 + -201010?
-2120010
In base 11, what is 2560 + 1217?
3777
In base 4, what is -2 - -100211012323322?
100211012323320
In base 4, what is -1002111223 - -31232?
-1002013331
In base 15, what is -6 - -12c1d?
12c17
In base 3, what is 10102001010202 - -220120?
10102002001022
In base 15, what is 6 + -e5516?
-e5510
In base 5, what is 140124134 + -131